 = 46*f**3 - f**2 - 2*f - 2. Give w(-1).
-47
Let h(f) = f**3 + 5*f**2 - f - 5. Calculate h(-4).
15
Let t(j) = -7*j + 20. Determine t(4).
-8
Let z(q) = q**2 - 46*q - 376. Determine z(-7).
-5
Let v(k) = 15*k + 112. Calculate v(-9).
-23
Let b(h) = -2*h - 15. What is b(-13)?
11
Let j(s) = s**3 + 18*s**2 - 18*s - 4. Give j(-19).
-23
Let r(f) = -14*f + 188. What is r(6)?
104
Let x(r) = r**2 - 4*r + 4. What is x(4)?
4
Let k(t) = -7*t**2 + 5*t + 8. Give k(-2).
-30
Let a(y) = 6*y - 4. Determine a(2).
8
Let h(m) = m**2 + 21*m + 52. Give h(-16).
-28
Let v(l) = -2*l + 12. Calculate v(7).
-2
Let n(t) = -6*t**2 + 1. Give n(1).
-5
Let y(a) = -127*a + 756. What is y(6)?
-6
Let b(g) = -91*g + 1089. Determine b(12).
-3
Let c(k) = -2*k**3 + 6*k**2 - 5. Give c(3).
-5
Let a(c) = -4*c**2 - 44*c + 5. Determine a(-11).
5
Let f(z) = -z**2 - 16*z - 51. Give f(-4).
-3
Let c(d) = -3*d**2 + 2*d + 2. Determine c(-1).
-3
Let c(o) = o**3 + 12*o**2 + 9*o - 15. Determine c(-11).
7
Let g(m) = m**2 + 14*m - 4. Calculate g(-12).
-28
Let w(n) = -n**3 - 8*n**2 - n + 4. Calculate w(-8).
12
Let j(a) = -15*a**2 + 1. Calculate j(1).
-14
Let o(f) = f**3 - 2*f**2 + 2*f - 4. Give o(2).
0
Let k(w) = -3*w**2 + 9*w + 1. Calculate k(-5).
-119
Let v(l) = 3*l + 124. Determine v(-37).
13
Let p(c) = c**3 - 26*c**2 + 25*c - 35. Determine p(25).
-35
Let i(x) = 47*x + 6. Calculate i(-2).
-88
Let g(d) = -d**3 + 9*d**2 - 9*d + 12. What is g(8)?
4
Let k(f) = 17*f**2. What is k(-1)?
17
Let s(c) = -c**3 - 5*c**2 - 2*c + 5. Give s(-5).
15
Let x(w) = -6*w**2 + 15*w + 6. Give x(3).
-3
Let s(p) = p**2 + p - 17. Calculate s(-5).
3
Let h(v) = -v - 8. Determine h(4).
-12
Let a(c) = -c**2 + 12*c - 12. What is a(9)?
15
Let g(j) = -j**2 + 11*j + 6. Give g(10).
16
Let q(h) = -3*h**2 + 2. Determine q(2).
-10
Let l(o) = -o**2 + 6*o + 10. Determine l(7).
3
Let n(o) = o**2 - o - 30. What is n(0)?
-30
Let n(s) = -2*s + 7. What is n(5)?
-3
Let a(m) = -m**3 - 6*m**2 + 11*m + 9. What is a(-7)?
-19
Let b(w) = -w**3 - 11*w**2 - 12*w + 10. What is b(-9)?
-44
Let y(j) = 2*j**2 + 2*j - 4. Give y(4).
36
Let y(x) = -x**2 - 8*x + 48. Give y(-11).
15
Let n(u) = -u**3 + 2*u. Give n(-2).
4
Let a(f) = -f - 33. Give a(-19).
-14
Let q(n) = 4*n**2 + 11*n + 10. What is q(-1)?
3
Let v(j) = -3*j**2 - 34*j + 10. What is v(-12)?
-14
Let c(h) = -15*h - 1. Calculate c(-7).
104
Let i(f) = 7*f + 40. Give i(-17).
-79
Let k(h) = h**3 - 42*h**2 + 42*h - 42. What is k(41)?
-1
Let p(x) = x**3 - 15*x**2 + 12*x - 9. What is p(14)?
-37
Let z(y) = -y**3 + y**2 + y + 1. What is z(3)?
-14
Let t(v) = v**2 + v - 2. Determine t(2).
4
Let q(m) = m**2 + 2*m - 13. Give q(-6).
11
Let t(x) = x**2 - 18*x + 59. Give t(5).
-6
Let h(y) = -y**2 + 6*y + 1. Determine h(4).
9
Let v(q) = -q**3 + 3*q**2 + 10*q - 3. Give v(5).
-3
Let y(i) = -i + 5. What is y(22)?
-17
Let j(g) = g**3 + 12*g**2 - 13*g - 11. Give j(-13).
-11
Let d(i) = -i**3 - 2*i**2 + 5*i + 3. What is d(-3)?
-3
Let h(r) = r**2 - 35*r - 39. Calculate h(36).
-3
Let z(a) = -a**3 + 8*a + 5. What is z(-3)?
8
Let a(z) = z**3 - 18. Give a(0).
-18
Let k(r) = r + 7. What is k(5)?
12
Let u(w) = -w - 4. What is u(-6)?
2
Let z(t) = 5*t - 4. Give z(4).
16
Let k(q) = -q**3 + 20*q**2 + 21*q - 28. What is k(21)?
-28
Let p(f) = -f**2 - 12*f - 25. Determine p(-5).
10
Let k(z) = -z**2 + 10*z - 8. Calculate k(10).
-8
Let v(o) = o**3 - 5*o**2 + 6*o + 1. What is v(4)?
9
Let l(x) = -18*x + 57. Calculate l(4).
-15
Let w(x) = x**2 - 5*x + 2. What is w(9)?
38
Let m(d) = 20*d + 35. What is m(-8)?
-125
Let g(b) = -12*b - 5. Determine g(12).
-149
Let n(b) = b**3 - 9*b**2 - 13*b + 9. Give n(5).
-156
Let j(w) = -w**3 + 5*w**2 - 10*w + 14. Give j(6).
-82
Let s(i) = i**2 - 27*i + 189. What is s(17)?
19
Let h(k) = -k**2 + k + 8. What is h(-3)?
-4
Let j(k) = k**3 - k**2 + 2*k + 5. Determine j(0).
5
Let j(t) = 2*t**2 - 9*t - 6. What is j(7)?
29
Let w(t) = -4*t**3 + 7*t**2 - 5*t - 7. What is w(2)?
-21
Let w(r) = r**3 - 13*r**2 - 30*r + 3. Calculate w(15).
3
Let y(o) = 14*o**2 - 2*o - 2. What is y(3)?
118
Let d(c) = -c**3 + 3*c**2 + 5*c + 1. What is d(4)?
5
Let k(l) = -l - 22. Calculate k(13).
-35
Let z(s) = 29*s - 183. Give z(6).
-9
Let z(w) = w**2 - 26*w + 15. Give z(25).
-10
Let q(j) = j - 7. What is q(-6)?
-13
Let x(u) = 2*u + 48. What is x(12)?
72
Let h(r) = -r**3 - 11*r**2 - 3*r + 16. Give h(-11).
49
Let u(t) = 40*t - 6. What is u(0)?
-6
Let z(n) = -5*n + 41. Give z(7).
6
Let i(m) = -2*m - 11. Give i(-9).
7
Let n(u) = 12*u + 6. Calculate n(-4).
-42
Let v(z) = -4*z**2 - 12*z - 7. Determine v(-1).
1
Let c(z) = z**3 - 14*z**2 + 11*z - 21. Determine c(13).
-47
Let h(x) = -6*x**2 - 4*x - 2. Give h(-3).
-44
Let p(s) = s**3 + 8*s**2 + 6*s - 7. Calculate p(-7).
0
Let n(i) = 16*i - 5. What is n(-1)?
-21
Let n(a) = -20*a**2 + 179*a + 7. Give n(9).
-2
Let c(q) = 21*q + 1. Calculate c(-3).
-62
Let z(k) = -k**3 - 8*k**2 + 9*k + 7. Give z(-9).
7
Let m(v) = -5*v + 30. Calculate m(9).
-15
Let p(l) = -l**2 - 2*l + 25. Give p(-6).
1
Let o(t) = 3*t + 30. Calculate o(-12).
-6
Let g(f) = -53*f**3 - 2*f**2 + 2*f + 3. Determine g(-1).
52
Let a(v) = 2*v**2 - v - 4. Give a(2).
2
Let z(j) = j**3 + 4*j**2 - 60*j + 1. Determine z(-10).
1
Let m(x) = x**2 - 27*x + 48. Give m(25).
-2
Let b(u) = -3*u**3 + 2*u**2 + 8*u + 1. Give b(-2).
17
Let g(a) = -37*a**3 - a**2. What is g(1)?
-38
Let r(g) = -g**3 + 15*g**2 - 2. Determine r(15).
-2
Let z(x) = 5*x + 66. Give z(-13).
1
Let m(s) = 3*s + 28. What is m(-12)?
-8
Let w(u) = -u**3 + 4*u**2 + 3. What is w(3)?
12
Let u(a) = -a**3 - 27*a**2 - 3. What is u(-27)?
-3
Let b(d) = -2*d**2 + 25*d - 13. What is b(12)?
-1
Let u(t) = t**2 - 15*t + 48. Give u(12).
12
Let w(u) = -2*u**2 - 28*u - 41. Calculate w(-12).
7
Let v(i) = -8*i - 126. Give v(-19).
26
Let b(i) = 2*i**2 + i. Give b(4).
36
Let g(v) = 24*v**2 + 2*v - 1. Give g(1).
25
Let w(i) = i**3 + 5*i**2 - 19*i - 6. Calculate w(3).
9
Let l(c) = -c**3 + 2*c**2 + 1. Calculate l(-2).
17
Let x(k) = -k**2 + 4. Give x(5).
-21
Let i(u) = 7*u**2 - 22*u + 22. Calculate i(1).
7
Let u(z) = 3*z**2 - 129*z - 2. Give u(43).
-2
Let t(g) = -3*g + 29. What is t(1)?
26
Let x(h) = -2*h - 49. Determine x(-31).
13
Let s(t) = -268*t + 2406. Determine s(9).
-6
Let j(d) = d**3 - 10*d**2 - 31*d. Calculate j(13).
104
Let n(u) = -u**2 + 3*u. Give n(3).
0
Let l(a) = -14*a + 4. Calculate l(-4).
60
Let r(h) = h**3 + 9*h**2 - 11*h - 18. Give r(-11).
-139
Let m(d) = d**3 - 8*d**2 + 10*d - 7. What is m(6)?
-19
Let j(x) = x**3 - 3*x**2 - 11*x + 9. Give j(5).
4
Let i(u) = u**2 + 7*u - 9. Determine i(-7).
-9
Let s(r) = -r**2 + r + 30. Calculate s(8).
-26
Let u(y) = -5*y**3 - 2*y + 3. Give u(1).
-4
Let c(f) = -2*f**3 + 11*f**2 + f + 26. Calculate c(6).
-4
Let k(s) = s**2 - 9*s + 6. Calculate k(4).
-14
Let r(j) = -5*j + 7. What is r(3)?
-8
Let q(y) = 3*y - 8. Determine q(6).
10
Let p(x) = -x**3 + 6*x**2 + 8*x + 8. What is p(8)?
-56
Let l(o) = 2*o**3 - 29*o**2 - 16*o + 15. Determine l(15).
0
Let h(t) = t**2 + 5*t - 145. Calculate h(10).
5
Let p(t) = t**2 - 3*t - 7. Determine p(-6).
47
Let q(v) = -v**2 - 13. Give q(0).
-13
Let h(r) = 53*r + 101. Determine h(-2).
-5
Let d(a) = a - 21. Determine d(8).
-13
Let j(d) = 5*d**3 + d**2 - 4*d - 3. What is j(-2)?
-31
Let h(a) = -a**2 + a + 38. Give h(-6).
-4
Let l(m) = m**2 - 21*m - 35. Determine l(22).
-13
Let y(x) = -4*x + 1. Determine y(3).
-11
Let c(j) = 2*j**2 + 7*j + 1. Calculate c(-3).
-2
Let f(a) = a - 2. Determine f(-6).
-8
Let t(b) = -3*b - 4. Give t(-4).
8
Let s(h) = h**3 + 10*h**2 + 14*h + 26. Calculate s(-9).
-19
Let z(v) = v + 17. Determine z(-6).
11
Let p(m) = m**2 - 28*m - 105. Calculate p(29).
-76
Let w(h) = 7*h - 298. Calculate w(43).
3
Let q(p) = -3*p**2 - 18*p - 8. Calculate q(-6).
-8
Let h(n) = -5*n**2 - 75*n + 13. Determine h(-15).
13
Let o(t) = -2*t**2 - t + 63. What is o(0)?
63
Let p(u) = -u**3 + 2*u**2 - 2. Calculate p(-2).
14
Let y(x) = -x**3 + 7*x**2 + 10*x + 10. Give y(8).
26
Let c(h) = -h + 31. Give c(29).
2
Let s(u) = -57*u + 402. What is s(7)?
3
Let l(b) = b**3 + 9*b**2 - 12*b - 12. Give l(-11).
-122
Let p(q) = 3*q - 6. Determine p(7).
15
Let p(a) = -a**2 - 10*a + 14. Calculate p(-11).
3
Let q(f) = -f**3 - 16*f**2 - 12*f + 1. Determine q(-15).
-44
Let u(t) = t**2 - 9*t + 18. What is u(8)?
10
Let c(z) = z**3 + 25*z**2 + 25*z + 17. What is c(-24)?
-7
Le